14786758.
2, 11, 164308489
What are the prime factors of 1572767845?
5, 11, 19, 53, 73, 389
List the prime factors of 6971582.
2, 167, 20873
What are the prime factors of 1811175036?
2, 3, 11, 17, 807119
List the prime factors of 20414978.
2, 1483, 6883
List the prime factors of 9022138.
2, 17, 443, 599
What are the prime factors of 1736572003?
38329, 45307
What are the prime factors of 1509011305?
5, 301802261
List the prime factors of 87971576.
2, 7, 11, 142811
List the prime factors of 283185142.
2, 6133, 23087
What are the prime factors of 22797726?
2, 3, 7, 47, 11549
What are the prime factors of 40546498?
2, 691, 29339
What are the prime factors of 216941502?
2, 3, 131, 276007
What are the prime factors of 500806646?
2, 23, 53, 205417
What are the prime factors of 202578363?
3, 13, 389, 4451
What are the prime factors of 72760559?
47, 1548097
What are the prime factors of 46193871?
3, 37, 281, 1481
What are the prime factors of 96938080?
2, 5, 17, 157, 227
List the prime factors of 56422663.
11, 466303
List the prime factors of 663313877.
15937, 41621
List the prime factors of 6754623674.
2, 49843, 67759
What are the prime factors of 54069259?
79, 383, 1787
What are the prime factors of 21129093?
3, 86951
What are the prime factors of 132232428?
2, 3, 23, 159701
What are the prime factors of 47001273?
3, 11, 317, 4493
List the prime factors of 11893310.
2, 5, 11, 13, 8317
What are the prime factors of 2006483630?
2, 5, 43, 863, 5407
What are the prime factors of 2141490419?
563, 647, 5879
List the prime factors of 33066879.
3, 11022293
List the prime factors of 44943854.
2, 19, 311, 3803
What are the prime factors of 2296537088?
2, 280339
What are the prime factors of 26137539?
3, 163, 5939
List the prime factors of 355215245.
5, 7, 11, 922637
What are the prime factors of 2029577713?
2029577713
List the prime factors of 44688825.
3, 5, 31, 43, 149
List the prime factors of 14677559.
13, 1129043
List the prime factors of 313927122.
2, 3, 52321187
List the prime factors of 716097162.
2, 3, 11, 10849957
What are the prime factors of 151912949?
71, 103, 20773
List the prime factors of 843270222.
2, 3, 61, 2304017
What are the prime factors of 343738808?
2, 7, 6138193
What are the prime factors of 171867682?
2, 7, 12276263
What are the prime factors of 9838787?
7, 43, 32687
List the prime factors of 1422202020.
2, 3, 5, 149, 257, 619
What are the prime factors of 859231624?
2, 107403953
What are the prime factors of 347451119?
19, 47, 389083
List the prime factors of 136636894.
2, 89, 767623
List the prime factors of 621715415.
5, 17, 23, 163, 1951
List the prime factors of 833673604.
2, 277, 752413
What are the prime factors of 928328566?
2, 11, 42196753
What are the prime factors of 8810892?
2, 3, 244747
List the prime factors of 11538582.
2, 3, 11, 79, 2213
List the prime factors of 839125086.
2, 3, 139854181
What are the prime factors of 65288476?
2, 11, 71, 20899
What are the prime factors of 226206198?
2, 3, 181, 69431
List the prime factors of 1756398172.
2, 439099543
What are the prime factors of 396811873?
31, 167, 76649
List the prime factors of 901582631.
73, 2971, 4157
What are the prime factors of 365338582?
2, 7, 563, 46351
List the prime factors of 311879383.
173, 353, 5107
What are the prime factors of 846070158?
2, 3, 141011693
List the prime factors of 1740107147.
647, 2689501
What are the prime factors of 17555754?
2, 3, 1483, 1973
List the prime factors of 271544590.
2, 5, 27154459
List the prime factors of 3875657851.
13, 31, 9617017
List the prime factors of 838478673.
3, 8747, 10651
List the prime factors of 651435929.
15427, 42227
List the prime factors of 253718791.
43, 53, 163, 683
What are the prime factors of 78618734?
2, 1931, 20357
What are the prime factors of 1957064681?
11, 13, 29, 471923
What are the prime factors of 162880357?
162880357
List the prime factors of 373466017.
113, 3305009
What are the prime factors of 409638031?
11, 37239821
List the prime factors of 1195503172.
2, 17, 17580929
What are the prime factors of 32533361?
7, 53, 87691
What are the prime factors of 32057862?
2, 3, 163, 32779
What are the prime factors of 32272183?
32272183
What are the prime factors of 43818645?
3, 5, 13, 224711
What are the prime factors of 3705819762?
2, 3, 617636627
List the prime factors of 5763481139.
13, 59, 503, 14939
What are the prime factors of 242019766?
2, 307, 394169
What are the prime factors of 57124053?
3, 7, 129533
What are the prime factors of 186982919?
41, 479, 9521
List the prime factors of 891544860.
2, 3, 5, 23, 3121
List the prime factors of 462974402.
2, 11, 21044291
List the prime factors of 1245562063.
53, 23501171
List the prime factors of 43558302.
2, 3, 7259717
List the prime factors of 39694621.
4217, 9413
List the prime factors of 369762939.
3, 7, 13, 451481
What are the prime factors of 48915530?
2, 5, 1999, 2447
What are the prime factors of 151814602?
2, 75907301
What are the prime factors of 799412754?
2, 3, 7, 47, 57853
What are the prime factors of 271970425?
5, 41, 265337
What are the prime factors of 467693263?
443, 1055741
List the prime factors of 806158006.
2, 47, 463, 18523
List the prime factors of 241517439.
3, 461, 58211
What are the prime factors of 640953626?
2, 151, 2122363
What are the prime factors of 1394752438?
2, 229, 3045311
List the prime factors of 135734636.
2, 103, 107, 3079
What are the prime factors of 3195770131?
36209, 88259
What are the prime factors of 41943318?
2, 3, 17, 43, 73, 131
List the prime factors of 208616566.
2, 59, 1767937
What are the prime factors of 113754040?
2, 5, 2843851
List the prime factors of 30568931.
30568931
List the prime factors of 380091397.
7, 47, 1155293
List the prime factors of 2420808333.
3, 487, 1656953
What are the prime factors of 1097631401?
17, 179, 197, 1831
List the prime factors of 2742280570.
2, 5, 23, 71, 307, 547
What are the prime factors of 3543544774?
2, 7, 11, 43, 48647
What are the prime factors of 68603622?
2, 3, 127, 90031
List the prime factors of 36822054.
2, 3, 29, 431, 491
List the prime factors of 5379701626.
2, 13, 1224329
List the prime factors of 2266948373.
83, 3449, 7919
What are the prime factors of 6500722?
2, 1453, 2237
List the prime factors of 9187158.
2, 3, 557, 2749
List the prime factors of 716364024.
2, 3, 29848501
List the prime factors of 139078515.
3, 5, 101, 91801
What are the prime factors of 26093119?
13, 53, 37871
What are the prime factors of 3266931276?
2, 3, 7, 17, 107, 7127
What are the prime factors of 3427451454?
2, 3, 7, 151, 540437
List the prime factors of 2060308877.
11, 187300807
What are the prime factors of 64248149?
7, 43, 213449
List the prime factors of 3995542727.
11, 23, 83, 149, 1277
What are the prime factors of 957097821?
3, 71, 4493417
What are the prime factors of 774141804?
2, 3, 21503939
What are the prime factors of 742867094?
2, 1847, 201101
List the prime factors of 102286390.
2, 5, 41, 317, 787
List the prime factors of 484130888.
2, 60516361
What are the prime factors of 48056407?
7, 23, 42641
List the prime factors of 169597125.
3, 5, 31, 1621
List the prime factors of 12807374.
2, 6403687
What are the prime factors of 153524836?
2, 38381209
List the prime factors of 825218180.
2, 5, 4621, 8929
What are the prime factors of 96387778?
2, 48193889
List the prime factors of 429358442.
2, 47, 71, 64333
What are the prime factors of 39019318?
2, 13, 17, 43, 2053
List the prime factors of 83073388.
2, 131, 158537
List the prime factors of 85386574.
2, 7, 13, 151, 239
What are the prime factors of 262237550?
2, 5, 5244751
What are the prime factors of 1968708858?
2, 3, 328118143
What are the prime factors of 780612874?
2, 109, 3580793
List the prime factors of 302885999.
13, 59, 394897
What are the prime factors of 5371257?
3, 1790419
What are the prime factors of 1123393177?
1303, 862159
What are the prime factors of 48961567?
48961567
What are the prime factors of 2350241709?
3, 783413903
List the prime factors of 23877564.
2, 3, 31, 64187
List the prime factors of 397469365.
5, 47, 1691359
List the prime factors of 77775506.
2, 29, 47, 103, 277
List the prime factors of 70455023.
70455023
List the prime factors of 460063658.
2, 230031829
List t